i be (-2)/a - (-24)/(-10). Give l(i).
-5
Let y(g) be the third derivative of -1/12*g**4 + 1/6*g**3 + 0*g + 10*g**2 + 0. Give y(7).
-13
Let b(q) = -q - 1. Let j(f) = f**2 + 6*f + 6. Let x(z) = z**2 + 7*z + 7. Let c = 4 + -10. Let k be x(c). Let v(l) = k*j(l) + 6*b(l). Give v(0).
0
Let j(v) be the first derivative of -v**4/12 + v**3/2 + v**2/2 + 29*v + 7. Let k(h) be the first derivative of j(h). Give k(3).
1
Let d = 1332 - 1334. Let v(w) = -10*w**2 + w - 1. Determine v(d).
-43
Let i(h) be the first derivative of -1/2*h**2 - 1 - 1/3*h**3 + h. Suppose 0 = -19*z - 36 - 40 + 133. Calculate i(z).
-11
Let r = -4 - -10. Let d(o) be the first derivative of -o**2/2 + 3*o + 41. Give d(r).
-3
Let l(c) be the third derivative of -c**5/60 - 7*c**4/24 + 7*c**3/3 - 61*c**2 + 4. What is l(-7)?
14
Let v be (-8)/(-3)*(-18)/(-12). Suppose -v*q + q + 54 = 0. Suppose 11 = 5*t + y, 2*t - q = y + 2*y. Let k(s) = -s**3 + 4*s**2 - 4*s + 3. Calculate k(t).
0
Let d(l) = -l**3 - 7*l**2 - 6*l + 2. Let r be d(-6). Let q(y) = -7 + 6*y - 6*y**r - 7*y**3 + 6*y**3 + 0*y**3. Suppose 0 = 2*p - p + 7. Give q(p).
0
Let t(v) = -7*v + 1. Let g be (-5)/35 - (-1 - 120/7). Let r(h) = 24*h - 3. Let p(u) = g*t(u) + 5*r(u). Give p(3).
-15
Let u(c) = -91*c**2 - 97*c**2 + 187*c**2. Let p(j) = 5*j**2 + 8*j. Let r(o) = -p(o) - 6*u(o). Give r(4).
-16
Let p(i) = i**3 - 14*i**2 + 12*i + 19. Let s be (0 + -3)*(-1 + 2/(-6)). Suppose -n = 12*h - 11*h - 12, 4*h = -s. What is p(n)?
6
Let z(j) = j**3 + j**2 - 7*j - 1. Let t be z(-3). Let l(x) = 3*x**3 + 2*x**2 - 5*x + 2. Let c(a) = -a**2 + a - 1. Let h(o) = -4*c(o) - l(o). Give h(t).
-12
Let p(o) = 12 - 9*o - 7 - 2 + 12. Let n(g) = -4*g + 7. Let i(f) = -13*n(f) + 6*p(f). Give i(-6).
11
Let q(v) = -v**2 - v + 4. Let l = 74 + -70. Suppose -l*r + 2 = t + 10, -2*t = -r - 11. Give q(t).
-16
Let s(k) = -12*k + 2. Let n(j) = -3*j + 1. Let v(m) = 7*n(m) - 2*s(m). Calculate v(7).
24
Let w(l) = -l - 17. Suppose -22*t + 6 = 6. Calculate w(t).
-17
Let f(n) = -2 + 1 - 6*n + 4 + 2*n + 5*n. Give f(1).
4
Let i(t) be the first derivative of -13*t**2/2 + t - 15. What is i(1)?
-12
Let z(s) = 10*s**2 - s - 2. Let p = -582 - -581. What is z(p)?
9
Let a(n) = 2*n + 42. Let k be a(-18). Let l be (-108)/(-63)*21/k. Let h(z) = 6*z**2 - 2*z**3 + 5 - z - z**3 + 2*z**3. Give h(l).
-1
Let i = -3 + 5. Let f(r) = 2*r. Let a(q) = 5*q. Let z(n) = 3*a(n) - 8*f(n). Determine z(i).
-2
Let z(w) = w**2 - 8*w + 9. Let y(h) = h**3 - 15*h**2 + 14*h + 11. Let j be y(14). Let a = j + 3. Let s = -8 + a. What is z(s)?
-3
Let b = -237 - -233. Let w(g) = g**3 - 9*g - 5. Let i(u) = -u**3 - u**2 + 8*u + 5. Let t(d) = 3*i(d) + 2*w(d). What is t(b)?
-3
Let t be 5/10*(-1 + 3). Let o(z) = 12*z**2 + 6*z - 4*z - z. What is o(t)?
13
Suppose 0 = -3*q + 2*s + 4, s = 5*q - 3*s - 8. Let g(c) = -4*c**2 - 4*c - 2. Let j(m) = -m**2 - m - 1. Let k(r) = g(r) - 3*j(r). Calculate k(q).
1
Let j be 0*(2 + 0)/(-2). Let b(k) = -4*k - 8 + k + k**2 - 8 + 4*k. Determine b(j).
-16
Let n(u) = -21*u - 14 + 6*u + 12*u + 9*u - 4*u. Determine n(8).
2
Let i(c) = 2*c - 21. Let t = -554 - -567. What is i(t)?
5
Suppose -3*i - 2*i - 4*k + 19 = 0, 5*i + 2*k = 17. Let u(y) = 0 + 3 + 2 + 2*y**2 + i*y - 2. What is u(-2)?
5
Let s(j) = j**2 - 7*j + 4. Let g(b) = -b**3 + 9*b**2 + 11*b - 5. Let x = 5 - -5. Let y be g(x). Calculate s(y).
-6
Let c(h) = h**3 - 4*h**2 + 2*h - 4. Let w = -8 + 10. Suppose -3*o + w = v + o, -4 = o. Suppose 2*t + 2*j = -2*j, -v = -2*t + 5*j. Give c(t).
4
Let u(i) = 4*i**2 - i - 1. Let n(j) = j**3 - 23*j**2 - 52*j + 49. Let r be n(25). Determine u(r).
4
Let f(v) = 47 - 74 - 3*v + 45. Give f(8).
-6
Let c = -21 - -24. Let m(n) = 8*n**2 - 25*n**2 - 5 + 8*n - n**c + 6*n**2 + 7*n**2. Determine m(-6).
19
Let i(b) = -b**3 + 11*b**2 - 10*b + 6. Let c(a) = -a**3 + 10*a**2 - 9*a + 5. Let r(m) = -6*c(m) + 5*i(m). Calculate r(4).
0
Let r(h) = 2*h**2 + 49*h - 29. Let n be r(-25). Let l(a) = a + 7. Determine l(n).
3
Let p be (9/(9/(-10)) - -4)/(-2). Let v be p/2*((-55)/(-15) + -5). Let u(q) = 1 + 0 - 4*q + 11*q. Calculate u(v).
-13
Let n = 93 - 75. Let b(r) = r**3 - 18*r**2 - r + 25. What is b(n)?
7
Let k(v) = -v**3 - 3*v**2 - 4*v - 2. Suppose 7*c = 3*c + 84. Let y = c - 23. Calculate k(y).
2
Let l(a) = -a**2 + 3. Suppose 4*x = -3 + 11. Let w be (1/x)/(6/36). Let o be (w/(-6))/((-1)/(-6)). Determine l(o).
-6
Let q(u) = 9*u - 1. Let l be q(7). Let b(f) = 1 - 2*f + 55*f**2 - 116*f**2 + f**3 + 6*f**3 + l*f**2. Determine b(1).
7
Let d(z) = z - 5. Let r = -49 + 69. Suppose -r*f = -19*f. Calculate d(f).
-5
Let b be (-66)/14 - (-14)/(-49). Let i(t) = -t - 5. Let j(z) be the second derivative of -z**2/2 + 4*z. Let p(m) = i(m) + j(m). Give p(b).
-1
Let a(k) = -1. Let z(g) = g. Let w(q) = 3*a(q) + 2*z(q). Let c be (-12)/(-4) - -1*8. Suppose -5*u + 4 = -c. What is w(u)?
3
Let f be 321/(-45) - -4*3/90. Let z(q) = -2*q + 13. Determine z(f).
27
Let q(d) = -2*d**2 + 23*d - 18. Let r(g) = g**2 - 11*g + 9. Let h(b) = 4*q(b) + 9*r(b). Let w(f) = -2*f**3 + 11*f**2 - f - 14. Let x be w(5). Determine h(x).
3
Let i = -1678 + 1683. Let g(d) = -4*d + 16. Give g(i).
-4
Let q(b) = b**2 + 5*b + 3. Suppose 18*h = -262 + 172. Determine q(h).
3
Let b(l) = -l**3 - 2*l**2 + 5*l - 3. Let k = -1279 + 1276. Determine b(k).
-9
Suppose -4*j + 14 = 2*y, -j + 2*j - 3*y + 7 = 0. Let o(z) = 7*z + z**2 - 3 + 5 - j*z + 2. Determine o(-3).
-2
Let m(w) be the third derivative of w**5/30 - 7*w**4/12 + w**3 - 158*w**2 + 2. What is m(7)?
6
Let h(q) = 8*q**2 + 10*q - 3. Let o(s) = 5*s**2 + 9*s - 3. Let t(j) = 2*h(j) - 3*o(j). Give t(3).
-9
Suppose -16 = -5*p + y, 2*p - 2*y + 0*y = 0. Let k(i) = i**3 - 7*i**2 + 5. Let x be k(7). Let s(m) = 1 + x*m + m - m - m**2 + 0*m. Calculate s(p).
5
Suppose -5*x + 3 + 12 = 0, 388 = 2*n + 4*x. Suppose 13*g = n - 58. Let o(b) = b**3 - 9*b**2 - 9*b. Give o(g).
10
Suppose 6 = -4*v + 2, 0 = -3*j - 4*v + 5. Suppose -j*r - 64 = -4. Let z be 55/r - (-6)/8. Let c(k) = 5*k + 3. Calculate c(z).
-7
Let d = 18 + -12. Let y(i) = i**3 - 5*i**2 - 8*i + 14. Let v be y(d). Suppose -3*g + 0*g + 2*p + 15 = 0, -v*p - 5 = -g. Let c(q) = -q**2 + 2*q + 4. Give c(g).
-11
Let o(p) = -4*p**2 - 7*p + 5. Let l(r) = -3*r + 3*r + 8*r + 3*r**2 - 2*r - 4. Let h(d) = -5*l(d) - 4*o(d). Let b(q) = -q + 7. Let y be b(4). Give h(y).
3
Let w(s) = 3*s**3 + s**2 + 11*s - 1. Let y = -5 + 3. Suppose -19 = 6*d + 11. Let m(v) = -v**3 - v**2 - 5*v + 1. Let u(z) = d*m(z) + y*w(z). Give u(4).
-7
Let h(w) = 0*w**2 - 18 - w**2 + 10 - w + 9*w. Calculate h(9).
-17
Let k(c) = -9*c + 1. Let s be 9/(-24) + 95/40. Suppose 5*o = -s*n + o - 2, -3*o = -2*n + 5. Calculate k(n).
-8
Let k(a) = 4*a**2 - 81*a + 28. Let r be k(20). Let m(g) = g**2 - 10*g + 7. What is m(r)?
-9
Let d(c) = -c**3 - 3*c**2 - 2. Let f(z) = 4*z - 11. Suppose -6*i + 8 + 4 = 0. Let x be f(i). What is d(x)?
-2
Suppose 2*h + 3 + 7 = 0. Let r(o) = -7*o - 7. Let q(s) = 10*s - 16*s + 3 + 10*s. Let f(i) = h*q(i) - 2*r(i). Determine f(-1).
5
Let l(u) be the first derivative of 5 + 1/2*u**2 - 2*u. Suppose 2*h = 3 + 3. What is l(h)?
1
Let z(i) = i**2 + 1. Let c(b) = b**3 - 2*b**2 - b - 2. Let d(h) = -c(h) - 4*z(h). Let p be (138/4)/(-3)*-2. Suppose 25*y = p*y - 4. Give d(y).
-4
Let z(a) = a + 2 - 4 + 1. Let j(g) = -6*g + 1. Let s = 60 - 61. Let y(f) = s*j(f) - 5*z(f). Determine y(-5).
-1
Let a(l) = -27*l + 265. Let n be a(10). Let k(t) = t**3 + 2*t**2 - 6*t. Give k(n).
-45
Let v(r) = r - 5. Let f be v(7). Let b(z) = -3*z**2 - z**f + 2*z + 2*z**2 - 2. Let h be (-6)/5*(-70)/28. Give b(h).
-14
Let i(f) = 7*f + 73. Let u be i(-9). Let x(z) = z**2 - 9*z + 4. Give x(u).
14
Let r(l) = 12*l + 2. Let w be r(3). Suppose 3*x = -w + 47. Let h(i) = -i**2 - 2*i + 2. Calculate h(x).
-13
Suppose 5*k - 12*k = -56. Suppose -2*f + 14 = 5*d, -3*f + k = 2*f - d. Let h(r) = r**2 - 2*r + f*r - r + 1. Calculate h(3).
7
Let p(w) = -w**3 - 6*w**2 + 2. Let l(c) = -15*c - 816. Let d be l(-54). Calculate p(d).
2
Let a(b) be the second derivative of b**5/40 + b**4/6 + b**3/6 + 19*b. Let n(o) be the second derivative of a(o). Give n(-4).
-8
Let p be (-3 - 4/(-1)) + 4. Let z(q) = -4*q + p + 3 + 4*q - 3*q. Calculate z(6).
-10
Suppose 0 = 2*v + 3*m + 3, -5*v = -m - 14 - 4. Let t(p) be the second derivative of 0 - 7*p + 1/6*p**v - 2*p**2. What is t(2)?
-2
Let f(d) = -11*d 